{"id":2,"date":"2015-05-26T04:00:02","date_gmt":"2015-05-26T02:00:02","guid":{"rendered":"http:\/\/atthestudio.nl\/wordpress\/?page_id=2"},"modified":"2015-12-03T23:29:04","modified_gmt":"2015-12-03T22:29:04","slug":"projekte","status":"publish","type":"page","link":"https:\/\/www.julia-oschewsky.de\/de\/projekte\/","title":{"rendered":"Projekte"},"content":{"rendered":"<style type=\"text\/css\"> \n#cmsms_row_69f2df6595b68 .cmsms_row_outer_parent { \n\tpadding-top: 30px; \n} \n\n#cmsms_row_69f2df6595b68 .cmsms_row_outer_parent { \n\tpadding-bottom: 50px; \n} \n\n<\/style><div id=\"cmsms_row_69f2df6595b68\" class=\"cmsms_row cmsms_color_scheme_default\">\n<div class=\"cmsms_row_outer_parent\">\n<div class=\"cmsms_row_outer\">\n<div class=\"cmsms_row_inner\">\n<div class=\"cmsms_row_margin\">\n<div class=\"cmsms_column one_first\" data-animation=\"fadeIn\">\n<div class=\"cmsms_profile vertical\">\n<article class=\"one_fourth format-profile\">\n<div class=\"pl_content\">\n<h1 class=\"entry-title\"><a href=\"https:\/\/www.julia-oschewsky.de\/de\/profile\/kleingartenanlage\/\">Kleingartenanlage<\/a><\/h1>\n<div class=\"entry-content\">\n\u201eKleingartenanlage\u201c - welch seltsamer Name! Das bekommen wir \u00f6fter zu h\u00f6ren. Aber er schien uns so passend dieser Name: gem\u00fctlich, herzerw\u00e4rmend, nat\u00fcrlich, l\u00e4rmverringernd, klein, aber fein! Marc Kluschat und ich kennen uns gef\u00fchlt schon seit einer halben Ewigkeit...\r\n\r\n<a href=\"http:\/\/www.julia-oschewsky.de\/de\/profile\/kleingartenanlage\/\" style=\"font-weight: 400;\" >Lesen Sie mehr<\/a><\/div>\n<\/div>\n<div class=\"pl_img\">\n<figure><a href=\"https:\/\/www.julia-oschewsky.de\/de\/profile\/kleingartenanlage\/\"><img loading=\"lazy\" decoding=\"async\" width=\"250\" height=\"250\" src=\"https:\/\/www.julia-oschewsky.de\/de\/wp-content\/uploads\/2015\/02\/Kleingartenanlage-Pressefoto2018-medium-250x250.jpg\" class=\"attachment-square-thumb size-square-thumb wp-post-image\" alt=\"Kleingartenanlage\" title=\"Kleingartenanlage\" srcset=\"https:\/\/www.julia-oschewsky.de\/de\/wp-content\/uploads\/2015\/02\/Kleingartenanlage-Pressefoto2018-medium-250x250.jpg 250w, https:\/\/www.julia-oschewsky.de\/de\/wp-content\/uploads\/2015\/02\/Kleingartenanlage-Pressefoto2018-medium-200x200.jpg 200w, https:\/\/www.julia-oschewsky.de\/de\/wp-content\/uploads\/2015\/02\/Kleingartenanlage-Pressefoto2018-medium-55x55.jpg 55w\" sizes=\"auto, (max-width: 250px) 100vw, 250px\" \/><\/a><\/figure>\n<\/div>\n<div class=\"pl_social\">\n<\/div>\n<div class=\"cl\"><\/div>\n<\/article>\n<article class=\"one_fourth profile_even format-profile\">\n<div class=\"pl_content\">\n<h1 class=\"entry-title\"><a href=\"https:\/\/www.julia-oschewsky.de\/de\/profile\/back-at-mamas\/\">Back at Mama&#8217;s<\/a><\/h1>\n<div class=\"entry-content\">\nMit \"Back at Mama's\" spielen wir eigene Akustik-Interpretationen bekannter Rock- und Pop-Songs der letzten 50 Jahre. Ganz besonders freue ich mich, mir in diesem Projekt gemeinsam mit Lea Funk die Lead-Vocals zu teilen. Oft bekommen wir zu h\u00f6ren, dass die Harmonie unserer beiden Stimmen...\r\n\r\n\r\n<a href=\"http:\/\/www.julia-oschewsky.de\/de\/profile\/back-at-mamas\/\" style=\"font-weight: 400;\" >Lesen Sie mehr<\/a><\/div>\n<\/div>\n<div class=\"pl_img\">\n<figure><a href=\"https:\/\/www.julia-oschewsky.de\/de\/profile\/back-at-mamas\/\"><img loading=\"lazy\" decoding=\"async\" width=\"250\" height=\"250\" src=\"https:\/\/www.julia-oschewsky.de\/de\/wp-content\/uploads\/2019\/11\/backatmamas-250x250.jpg\" class=\"attachment-square-thumb size-square-thumb wp-post-image\" alt=\"Back at Mama&#8217;s\" title=\"Back at Mama&#8217;s\" srcset=\"https:\/\/www.julia-oschewsky.de\/de\/wp-content\/uploads\/2019\/11\/backatmamas-250x250.jpg 250w, https:\/\/www.julia-oschewsky.de\/de\/wp-content\/uploads\/2019\/11\/backatmamas-200x200.jpg 200w, https:\/\/www.julia-oschewsky.de\/de\/wp-content\/uploads\/2019\/11\/backatmamas-55x55.jpg 55w\" sizes=\"auto, (max-width: 250px) 100vw, 250px\" \/><\/a><\/figure>\n<\/div>\n<div class=\"pl_social\">\n<\/div>\n<div class=\"cl\"><\/div>\n<\/article>\n<article class=\"one_fourth format-profile\">\n<div class=\"pl_content\">\n<h1 class=\"entry-title\"><a href=\"https:\/\/www.julia-oschewsky.de\/de\/profile\/ed-partyka-jazz-orchestra\/\">Ed Partyka Jazz Orchestra<\/a><\/h1>\n<div class=\"entry-content\">\nSeit 2012 habe ich die Ehre und das Privileg, ein Teil des fantastischen Ed Partyka Jazz Orchestra (EPJO) zu sein. Ed lernte ich 2008 w\u00e4hrend einer Arbeitsphase des Bundesjugendjazzorchesters kennen, die er als Arrangeur und Dirigent leitete...\r\n\r\n<a href=\"http:\/\/www.julia-oschewsky.de\/de\/profile\/ed-partyka-jazz-orchestra\/\" style=\"font-weight: 400;\" >lesen sie mehr<\/a> <\/div>\n<\/div>\n<div class=\"pl_img\">\n<figure><a href=\"https:\/\/www.julia-oschewsky.de\/de\/profile\/ed-partyka-jazz-orchestra\/\"><img loading=\"lazy\" decoding=\"async\" width=\"250\" height=\"250\" src=\"https:\/\/www.julia-oschewsky.de\/de\/wp-content\/uploads\/2015\/01\/EPJO-2015-Berlin-IMG_6595-250x250.jpg\" class=\"attachment-square-thumb size-square-thumb wp-post-image\" alt=\"Ed Partyka Jazz Orchestra\" title=\"Ed Partyka Jazz Orchestra\" srcset=\"https:\/\/www.julia-oschewsky.de\/de\/wp-content\/uploads\/2015\/01\/EPJO-2015-Berlin-IMG_6595-250x250.jpg 250w, https:\/\/www.julia-oschewsky.de\/de\/wp-content\/uploads\/2015\/01\/EPJO-2015-Berlin-IMG_6595-200x200.jpg 200w, https:\/\/www.julia-oschewsky.de\/de\/wp-content\/uploads\/2015\/01\/EPJO-2015-Berlin-IMG_6595-55x55.jpg 55w\" sizes=\"auto, (max-width: 250px) 100vw, 250px\" \/><\/a><\/figure>\n<\/div>\n<div class=\"pl_social\">\n<\/div>\n<div class=\"cl\"><\/div>\n<\/article>\n<article class=\"one_fourth profile_even format-profile\">\n<div class=\"pl_content\">\n<h1 class=\"entry-title\"><a href=\"https:\/\/www.julia-oschewsky.de\/de\/profile\/julia-and-band\/\">Julia &#038; Band<\/a><\/h1>\n<div class=\"entry-content\">\nMit meiner eigenen Musik auf der B\u00fchne stehen und unterwegs sein, meine Geschichten erz\u00e4hlen, etwas Pers\u00f6nliches zum Ausdruck bringen, gemeinsam die Lieder zum Schwingen bringen, das sind und bleiben f\u00fcr mich gro\u00dfe Geschenke und wertvolle Herausforderungen...\r\n\r\n<a href=\"http:\/\/www.julia-oschewsky.de\/de\/profile\/julia-and-band\/\" style=\"font-weight: 400;\" >Lesen Sie mehr<\/a> <\/div>\n<\/div>\n<div class=\"pl_img\">\n<figure><a href=\"https:\/\/www.julia-oschewsky.de\/de\/profile\/julia-and-band\/\"><img loading=\"lazy\" decoding=\"async\" width=\"250\" height=\"250\" src=\"https:\/\/www.julia-oschewsky.de\/de\/wp-content\/uploads\/2015\/03\/Band03_andreia_esteves-250x250.jpg\" class=\"attachment-square-thumb size-square-thumb wp-post-image\" alt=\"Julia &#038; Band\" title=\"Julia &#038; Band\" srcset=\"https:\/\/www.julia-oschewsky.de\/de\/wp-content\/uploads\/2015\/03\/Band03_andreia_esteves-250x250.jpg 250w, https:\/\/www.julia-oschewsky.de\/de\/wp-content\/uploads\/2015\/03\/Band03_andreia_esteves-200x200.jpg 200w, https:\/\/www.julia-oschewsky.de\/de\/wp-content\/uploads\/2015\/03\/Band03_andreia_esteves-55x55.jpg 55w\" sizes=\"auto, (max-width: 250px) 100vw, 250px\" \/><\/a><\/figure>\n<\/div>\n<div class=\"pl_social\">\n<\/div>\n<div class=\"cl\"><\/div>\n<\/article>\n<\/div>\n<\/div>\n<\/div>\n<\/div>\n<\/div>\n<\/div>\n<\/div>\n\n","protected":false},"excerpt":{"rendered":"","protected":false},"author":1,"featured_media":0,"parent":0,"menu_order":0,"comment_status":"closed","ping_status":"closed","template":"","meta":{"footnotes":""},"class_list":["post-2","page","type-page","status-publish","hentry"],"yoast_head":"<!-- This site is optimized with the Yoast SEO plugin v27.4 - https:\/\/yoast.com\/product\/yoast-seo-wordpress\/ -->\n<title>Projekte - Julia Oschewsky<\/title>\n<meta name=\"description\" content=\"Julia und Band, Kleingartenanlage, Ed Partyka Jazz Orchestra\" \/>\n<meta name=\"robots\" content=\"index, follow, max-snippet:-1, max-image-preview:large, max-video-preview:-1\" \/>\n<link rel=\"canonical\" href=\"https:\/\/www.julia-oschewsky.de\/de\/projekte\/\" \/>\n<meta property=\"og:locale\" content=\"de_DE\" \/>\n<meta property=\"og:type\" content=\"article\" \/>\n<meta property=\"og:title\" content=\"Projekte - Julia Oschewsky\" \/>\n<meta property=\"og:description\" content=\"Julia und Band, Kleingartenanlage, Ed Partyka Jazz Orchestra\" \/>\n<meta property=\"og:url\" content=\"https:\/\/www.julia-oschewsky.de\/de\/projekte\/\" \/>\n<meta property=\"og:site_name\" content=\"Julia Oschewsky\" \/>\n<meta property=\"article:modified_time\" content=\"2015-12-03T22:29:04+00:00\" \/>\n<meta name=\"twitter:card\" content=\"summary_large_image\" \/>\n<script type=\"application\/ld+json\" class=\"yoast-schema-graph\">{\"@context\":\"https:\\\/\\\/schema.org\",\"@graph\":[{\"@type\":\"WebPage\",\"@id\":\"https:\\\/\\\/www.julia-oschewsky.de\\\/de\\\/projekte\\\/\",\"url\":\"https:\\\/\\\/www.julia-oschewsky.de\\\/de\\\/projekte\\\/\",\"name\":\"Projekte - Julia Oschewsky\",\"isPartOf\":{\"@id\":\"https:\\\/\\\/www.julia-oschewsky.de\\\/de\\\/#website\"},\"datePublished\":\"2015-05-26T02:00:02+00:00\",\"dateModified\":\"2015-12-03T22:29:04+00:00\",\"description\":\"Julia und Band, Kleingartenanlage, Ed Partyka Jazz Orchestra\",\"breadcrumb\":{\"@id\":\"https:\\\/\\\/www.julia-oschewsky.de\\\/de\\\/projekte\\\/#breadcrumb\"},\"inLanguage\":\"de\",\"potentialAction\":[{\"@type\":\"ReadAction\",\"target\":[\"https:\\\/\\\/www.julia-oschewsky.de\\\/de\\\/projekte\\\/\"]}]},{\"@type\":\"BreadcrumbList\",\"@id\":\"https:\\\/\\\/www.julia-oschewsky.de\\\/de\\\/projekte\\\/#breadcrumb\",\"itemListElement\":[{\"@type\":\"ListItem\",\"position\":1,\"name\":\"Home\",\"item\":\"https:\\\/\\\/www.julia-oschewsky.de\\\/de\\\/\"},{\"@type\":\"ListItem\",\"position\":2,\"name\":\"Projekte\"}]},{\"@type\":\"WebSite\",\"@id\":\"https:\\\/\\\/www.julia-oschewsky.de\\\/de\\\/#website\",\"url\":\"https:\\\/\\\/www.julia-oschewsky.de\\\/de\\\/\",\"name\":\"Julia Oschewsky\",\"description\":\"\",\"potentialAction\":[{\"@type\":\"SearchAction\",\"target\":{\"@type\":\"EntryPoint\",\"urlTemplate\":\"https:\\\/\\\/www.julia-oschewsky.de\\\/de\\\/?s={search_term_string}\"},\"query-input\":{\"@type\":\"PropertyValueSpecification\",\"valueRequired\":true,\"valueName\":\"search_term_string\"}}],\"inLanguage\":\"de\"}]}<\/script>\n<!-- \/ Yoast SEO plugin. -->","yoast_head_json":{"title":"Projekte - Julia Oschewsky","description":"Julia und Band, Kleingartenanlage, Ed Partyka Jazz Orchestra","robots":{"index":"index","follow":"follow","max-snippet":"max-snippet:-1","max-image-preview":"max-image-preview:large","max-video-preview":"max-video-preview:-1"},"canonical":"https:\/\/www.julia-oschewsky.de\/de\/projekte\/","og_locale":"de_DE","og_type":"article","og_title":"Projekte - Julia Oschewsky","og_description":"Julia und Band, Kleingartenanlage, Ed Partyka Jazz Orchestra","og_url":"https:\/\/www.julia-oschewsky.de\/de\/projekte\/","og_site_name":"Julia Oschewsky","article_modified_time":"2015-12-03T22:29:04+00:00","twitter_card":"summary_large_image","schema":{"@context":"https:\/\/schema.org","@graph":[{"@type":"WebPage","@id":"https:\/\/www.julia-oschewsky.de\/de\/projekte\/","url":"https:\/\/www.julia-oschewsky.de\/de\/projekte\/","name":"Projekte - Julia Oschewsky","isPartOf":{"@id":"https:\/\/www.julia-oschewsky.de\/de\/#website"},"datePublished":"2015-05-26T02:00:02+00:00","dateModified":"2015-12-03T22:29:04+00:00","description":"Julia und Band, Kleingartenanlage, Ed Partyka Jazz Orchestra","breadcrumb":{"@id":"https:\/\/www.julia-oschewsky.de\/de\/projekte\/#breadcrumb"},"inLanguage":"de","potentialAction":[{"@type":"ReadAction","target":["https:\/\/www.julia-oschewsky.de\/de\/projekte\/"]}]},{"@type":"BreadcrumbList","@id":"https:\/\/www.julia-oschewsky.de\/de\/projekte\/#breadcrumb","itemListElement":[{"@type":"ListItem","position":1,"name":"Home","item":"https:\/\/www.julia-oschewsky.de\/de\/"},{"@type":"ListItem","position":2,"name":"Projekte"}]},{"@type":"WebSite","@id":"https:\/\/www.julia-oschewsky.de\/de\/#website","url":"https:\/\/www.julia-oschewsky.de\/de\/","name":"Julia Oschewsky","description":"","potentialAction":[{"@type":"SearchAction","target":{"@type":"EntryPoint","urlTemplate":"https:\/\/www.julia-oschewsky.de\/de\/?s={search_term_string}"},"query-input":{"@type":"PropertyValueSpecification","valueRequired":true,"valueName":"search_term_string"}}],"inLanguage":"de"}]}},"_links":{"self":[{"href":"https:\/\/www.julia-oschewsky.de\/de\/wp-json\/wp\/v2\/pages\/2","targetHints":{"allow":["GET"]}}],"collection":[{"href":"https:\/\/www.julia-oschewsky.de\/de\/wp-json\/wp\/v2\/pages"}],"about":[{"href":"https:\/\/www.julia-oschewsky.de\/de\/wp-json\/wp\/v2\/types\/page"}],"author":[{"embeddable":true,"href":"https:\/\/www.julia-oschewsky.de\/de\/wp-json\/wp\/v2\/users\/1"}],"replies":[{"embeddable":true,"href":"https:\/\/www.julia-oschewsky.de\/de\/wp-json\/wp\/v2\/comments?post=2"}],"version-history":[{"count":35,"href":"https:\/\/www.julia-oschewsky.de\/de\/wp-json\/wp\/v2\/pages\/2\/revisions"}],"predecessor-version":[{"id":3512,"href":"https:\/\/www.julia-oschewsky.de\/de\/wp-json\/wp\/v2\/pages\/2\/revisions\/3512"}],"wp:attachment":[{"href":"https:\/\/www.julia-oschewsky.de\/de\/wp-json\/wp\/v2\/media?parent=2"}],"curies":[{"name":"wp","href":"https:\/\/api.w.org\/{rel}","templated":true}]}}

<style type="text/css"> 
#cmsms_row_69f2df6595b68 .cmsms_row_outer_parent { 
	padding-top: 30px; 
} 

#cmsms_row_69f2df6595b68 .cmsms_row_outer_parent { 
	padding-bottom: 50px; 
} 

</style><div id="cmsms_row_69f2df6595b68" class="cmsms_row cmsms_color_scheme_default">
<div class="cmsms_row_outer_parent">
<div class="cmsms_row_outer">
<div class="cmsms_row_inner">
<div class="cmsms_row_margin">
<div class="cmsms_column one_first" data-animation="fadeIn">
<div class="cmsms_profile vertical">
<article class="one_fourth format-profile">
<div class="pl_content">
<h1 class="entry-title"><a href="https://www.julia-oschewsky.de/de/profile/kleingartenanlage/">Kleingartenanlage</a></h1>
<div class="entry-content">
„Kleingartenanlage“ - welch seltsamer Name! Das bekommen wir öfter zu hören. Aber er schien uns so passend dieser Name: gemütlich, herzerwärmend, natürlich, lärmverringernd, klein, aber fein! Marc Kluschat und ich kennen uns gefühlt schon seit einer halben Ewigkeit...

<a href="http://www.julia-oschewsky.de/de/profile/kleingartenanlage/" style="font-weight: 400;" >Lesen Sie mehr</a></div>
</div>
<div class="pl_img">
<figure><a href="https://www.julia-oschewsky.de/de/profile/kleingartenanlage/"><img loading="lazy" decoding="async" width="250" height="250" src="https://www.julia-oschewsky.de/de/wp-content/uploads/2015/02/Kleingartenanlage-Pressefoto2018-medium-250x250.jpg" class="attachment-square-thumb size-square-thumb wp-post-image" alt="Kleingartenanlage" title="Kleingartenanlage" srcset="https://www.julia-oschewsky.de/de/wp-content/uploads/2015/02/Kleingartenanlage-Pressefoto2018-medium-250x250.jpg 250w, https://www.julia-oschewsky.de/de/wp-content/uploads/2015/02/Kleingartenanlage-Pressefoto2018-medium-200x200.jpg 200w, https://www.julia-oschewsky.de/de/wp-content/uploads/2015/02/Kleingartenanlage-Pressefoto2018-medium-55x55.jpg 55w" sizes="auto, (max-width: 250px) 100vw, 250px" /></a></figure>
</div>
<div class="pl_social">
</div>
<div class="cl"></div>
</article>
<article class="one_fourth profile_even format-profile">
<div class="pl_content">
<h1 class="entry-title"><a href="https://www.julia-oschewsky.de/de/profile/back-at-mamas/">Back at Mama&#8217;s</a></h1>
<div class="entry-content">
Mit "Back at Mama's" spielen wir eigene Akustik-Interpretationen bekannter Rock- und Pop-Songs der letzten 50 Jahre. Ganz besonders freue ich mich, mir in diesem Projekt gemeinsam mit Lea Funk die Lead-Vocals zu teilen. Oft bekommen wir zu hören, dass die Harmonie unserer beiden Stimmen...


<a href="http://www.julia-oschewsky.de/de/profile/back-at-mamas/" style="font-weight: 400;" >Lesen Sie mehr</a></div>
</div>
<div class="pl_img">
<figure><a href="https://www.julia-oschewsky.de/de/profile/back-at-mamas/"><img loading="lazy" decoding="async" width="250" height="250" src="https://www.julia-oschewsky.de/de/wp-content/uploads/2019/11/backatmamas-250x250.jpg" class="attachment-square-thumb size-square-thumb wp-post-image" alt="Back at Mama&#8217;s" title="Back at Mama&#8217;s" srcset="https://www.julia-oschewsky.de/de/wp-content/uploads/2019/11/backatmamas-250x250.jpg 250w, https://www.julia-oschewsky.de/de/wp-content/uploads/2019/11/backatmamas-200x200.jpg 200w, https://www.julia-oschewsky.de/de/wp-content/uploads/2019/11/backatmamas-55x55.jpg 55w" sizes="auto, (max-width: 250px) 100vw, 250px" /></a></figure>
</div>
<div class="pl_social">
</div>
<div class="cl"></div>
</article>
<article class="one_fourth format-profile">
<div class="pl_content">
<h1 class="entry-title"><a href="https://www.julia-oschewsky.de/de/profile/ed-partyka-jazz-orchestra/">Ed Partyka Jazz Orchestra</a></h1>
<div class="entry-content">
Seit 2012 habe ich die Ehre und das Privileg, ein Teil des fantastischen Ed Partyka Jazz Orchestra (EPJO) zu sein. Ed lernte ich 2008 während einer Arbeitsphase des Bundesjugendjazzorchesters kennen, die er als Arrangeur und Dirigent leitete...

<a href="http://www.julia-oschewsky.de/de/profile/ed-partyka-jazz-orchestra/" style="font-weight: 400;" >lesen sie mehr</a> </div>
</div>
<div class="pl_img">
<figure><a href="https://www.julia-oschewsky.de/de/profile/ed-partyka-jazz-orchestra/"><img loading="lazy" decoding="async" width="250" height="250" src="https://www.julia-oschewsky.de/de/wp-content/uploads/2015/01/EPJO-2015-Berlin-IMG_6595-250x250.jpg" class="attachment-square-thumb size-square-thumb wp-post-image" alt="Ed Partyka Jazz Orchestra" title="Ed Partyka Jazz Orchestra" srcset="https://www.julia-oschewsky.de/de/wp-content/uploads/2015/01/EPJO-2015-Berlin-IMG_6595-250x250.jpg 250w, https://www.julia-oschewsky.de/de/wp-content/uploads/2015/01/EPJO-2015-Berlin-IMG_6595-200x200.jpg 200w, https://www.julia-oschewsky.de/de/wp-content/uploads/2015/01/EPJO-2015-Berlin-IMG_6595-55x55.jpg 55w" sizes="auto, (max-width: 250px) 100vw, 250px" /></a></figure>
</div>
<div class="pl_social">
</div>
<div class="cl"></div>
</article>
<article class="one_fourth profile_even format-profile">
<div class="pl_content">
<h1 class="entry-title"><a href="https://www.julia-oschewsky.de/de/profile/julia-and-band/">Julia &#038; Band</a></h1>
<div class="entry-content">
Mit meiner eigenen Musik auf der Bühne stehen und unterwegs sein, meine Geschichten erzählen, etwas Persönliches zum Ausdruck bringen, gemeinsam die Lieder zum Schwingen bringen, das sind und bleiben für mich große Geschenke und wertvolle Herausforderungen...

<a href="http://www.julia-oschewsky.de/de/profile/julia-and-band/" style="font-weight: 400;" >Lesen Sie mehr</a> </div>
</div>
<div class="pl_img">
<figure><a href="https://www.julia-oschewsky.de/de/profile/julia-and-band/"><img loading="lazy" decoding="async" width="250" height="250" src="https://www.julia-oschewsky.de/de/wp-content/uploads/2015/03/Band03_andreia_esteves-250x250.jpg" class="attachment-square-thumb size-square-thumb wp-post-image" alt="Julia &#038; Band" title="Julia &#038; Band" srcset="https://www.julia-oschewsky.de/de/wp-content/uploads/2015/03/Band03_andreia_esteves-250x250.jpg 250w, https://www.julia-oschewsky.de/de/wp-content/uploads/2015/03/Band03_andreia_esteves-200x200.jpg 200w, https://www.julia-oschewsky.de/de/wp-content/uploads/2015/03/Band03_andreia_esteves-55x55.jpg 55w" sizes="auto, (max-width: 250px) 100vw, 250px" /></a></figure>
</div>
<div class="pl_social">
</div>
<div class="cl"></div>
</article>
</div>
</div>
</div>
</div>
</div>
</div>
</div>
